7?
5
Suppose 300*i = -3*h + 295*i + 59, -i = -2*h + 61. Suppose -41 + 17 = 2*a. Let q = -4 - a. What is the remainder when h is divided by q?
4
Suppose -12 = -2*b - b, 26 = 5*v + 4*b. Let l(w) = 2*w + 23. Let i be l(11). Suppose x + v*x - i = 0. Calculate the remainder when 26 is divided by x.
11
Let u(t) = t**3 + 15*t**2 + 14*t + 12. Let k be u(-14). What is the remainder when 22 is divided by 2/(-4) - (-102)/k?
6
Let x be 3/7 - 3/7. Let r = x - -3. Let i = -121 - -123. Calculate the remainder when r is divided by i.
1
Suppose -2*z - 2*w = -5*z + 1990, 2018 = 3*z + 5*w. Let m = -393 + z. Let q = -171 + m. What is the remainder when q is divided by 21?
18
Let k(h) = 9*h**3 + h**2 - h - 2. Let y = 29 - 27. Let j be k(y). Suppose 6*b - 18 - j = 0. Calculate the remainder when 58 is divided by b.
13
Let n(z) = 16*z + 8. Suppose -4*p + 22 = -2. Let j be n(p). Suppose -j = 6*k - 8*k. Calculate the remainder when k is divided by 27.
25
Suppose -611 = -5*d + 4*t - 5*t, -5*t = -d + 143. Let l = 276 - d. What is the remainder when l is divided by 31?
29
Let i = -203 - -226. Calculate the remainder when 91 is divided by i.
22
Let s be (-114)/(-5) + (-3)/(-15). Let p(f) = f**2 + 17*f + 18. Let y be p(-16). Calculate the remainder when 37 is divided by s - 2*(4 - y).
18
Let k be ((-48)/10)/((-3)/(-15)). What is the remainder when 47 is divided by (k/20)/((-4)/40)?
11
Suppose 0 = 9*t + 6*t - 255. Calculate the remainder when t is divided by 17.
0
Suppose 9*a - 10*a = 6. What is the remainder when a/(-27) - 4276/(-36) is divided by 24?
23
Suppose -d - 4*d = -315. Suppose -2*w + 110 = 2*u, 3*w + d = 2*u - u. Calculate the remainder when u is divided by 15.
12
Suppose -3*q + 5*q + 5*o = 11, -13 = -4*q - o. Suppose 13*p - 16 = 9*p. Let x(k) = 5*k - 13. Calculate the remainder when x(p) is divided by q.
1
Let d(h) = -h + 18. Suppose 0 = -5*x + 10 + 20. Let o(b) = b**3 - 6*b**2 + 5*b - 9. What is the remainder when o(x) is divided by d(6)?
9
Suppose -9*h + 14*h = 85. Suppose -1 = 2*q - h. What is the remainder when 13 is divided by q?
5
Suppose -134 = 5*x - 184. What is the remainder when 96 is divided by x?
6
Let h(s) = -9*s**3 + 7*s**2 - 5*s - 29. Let f(y) = 4*y**3 - 3*y**2 + 2*y + 14. Let u(q) = 7*f(q) + 3*h(q). Calculate the remainder when 94 is divided by u(0).
6
Let o = 215 + -208. What is the remainder when 20 is divided by o?
6
Suppose s = 5, 3*s + 74 = c + 4*s. Suppose u + 90 = 3*o + 2, 4*o + 4*u = 96. What is the remainder when c is divided by ((-24)/o + 0)*-42?
33
Suppose -49*b + 46*b = 42. What is the remainder when b/8 + 2 - 1497/(-12) is divided by 18?
17
Let z(j) = j**2 + 27*j - 297. Calculate the remainder when z(-38) is divided by 25.
21
Suppose 0*j + 80 = 5*j. Suppose -i + 1 = -j. Calculate the remainder when i is divided by 6.
5
Let y be 9*(-1)/(1 - 4). Suppose -7*q + 8 = -y*q. What is the remainder when q - -47 - (1 + -1) is divided by 13?
10
Suppose 4*w - 6*l + 4*l = 1202, -5*l + 2095 = 7*w. What is the remainder when w is divided by 72?
12
Let g = 60 - 65. Calculate the remainder when 17 is divided by (g/(-3))/((-6)/(-36)).
7
Suppose -9*a = -23*a + 126. Suppose 6 = 5*x - 4. Let w = 37 - x. What is the remainder when w is divided by a?
8
Let m = -431 - -454. Calculate the remainder when 83 is divided by m.
14
Suppose -2 = -5*u + 13. What is the remainder when 66 + -5 + ((-9)/u)/3 is divided by 16?
12
Let z(p) = 4*p - 62. Let u be z(16). Suppose u*r - 36 - 6 = 0. What is the remainder when 57 is divided by r?
15
Let z = -4 + 6. Let b be (z/(-8))/(12/(-96)). Suppose 4*u = q - 5, -4*q + 64 = b*u + 8. Calculate the remainder when 62 is divided by q.
10
Suppose 19*b - 57*b + 912 = 0. What is the remainder when 95 is divided by b?
23
What is the remainder when 108 is divided by (-214)/(-27) + (-74)/(-999)?
4
Let a(s) = -16*s + 6. Let j be a(7). Suppose 88*g - 96*g + 112 = 0. What is the remainder when 1/((-2)/j - 0) is divided by g?
11
Let k = -687 + 753. What is the remainder when k is divided by 42?
24
Suppose 0 = 8*r - 13*r + 95. What is the remainder when (2 - 3) + r + 4 is divided by -4*(-1 - -2)*-2?
6
Suppose 3*c = 6, -68 = -8*s + 4*s + 2*c. Calculate the remainder when 250 is divided by s.
16
Let g be ((-1)/2)/(7/140). Let f be (-3)/5 - (-54)/g. Let s = f + 16. What is the remainder when 27 is divided by s?
7
Let o be (0/1)/(-6 + 5). Suppose o + 14 = 2*k. Suppose -5*q - 83 = -213. What is the remainder when q is divided by k?
5
Let g = -1211 - -1236. What is the remainder when 622 is divided by g?
22
Suppose 2*w = 2*s + 3 + 137, 2*w - 5*s - 128 = 0. What is the remainder when w is divided by 19?
17
Let x(c) = c**2 - 44*c + 142. Calculate the remainder when 74 is divided by x(41).
17
Suppose -8 = r - 15. What is the remainder when ((-168)/9)/(r/(-21)) is divided by 15?
11
Let n(j) = -j**2 - j + 1. Let d(s) = -4*s**2 - 3*s + 9. Let h(t) = -d(t) + 3*n(t). What is the remainder when 55 is divided by h(-5)?
17
What is the remainder when (3363/(-708))/((-2)/648) is divided by 70?
69
Let p = 2961 - 2932. Suppose -7 = 2*r + 5*q - 2, -4*r = -2*q - 26. Let d = r + 0. What is the remainder when p is divided by d?
4
Suppose c - 2*c = -3. Suppose c*r - 8*u + 4*u - 124 = 0, -u = 3*r - 104. Let p = r - -62. What is the remainder when p is divided by 33?
32
Suppose 4*s + 2*c - 198 = 0, 8*c - 166 = -3*s + 10*c. What is the remainder when s is divided by 19?
14
Let c be ((-14)/(-35))/(1/(-25)). Let v be (-12)/c*(-5 - 5). Calculate the remainder when (0 - 1)*2 - v is divided by 3.
1
Let x(v) = v**3 - 19*v**2 + 16*v + 42. Let n be x(18). Calculate the remainder when 21 is divided by 10/(-3)*3/(-12)*n.
1
Let f = -508 + 573. What is the remainder when f is divided by ((-68)/6)/((-2)/3)?
14
Suppose 152*f + 1020 = 212*f. Let q = 22 - 11. Suppose q = y + 3*l, -3*y + 4*y = 5*l - 5. Calculate the remainder when f is divided by y.
2
Suppose -374 = -43*v + 9*v. What is the remainder when 813 is divided by v?
10
Let u(l) = 10*l**2 - 5*l + 6. Let m be u(2). Let f = m - 29. Calculate the remainder when 46 is divided by f.
4
Suppose 2*m + 2*m = 76. Let p = m - 4. What is the remainder when p is divided by 4?
3
Let f = -27 + 154. Calculate the remainder when f is divided by 8.
7
Suppose -5*t = -10 - 15. Let r be -1 + t + 0 + -62. Let d = 82 + r. What is the remainder when d is divided by 5?
4
Let z be (-8)/(-20)*(11 + (-2 - -1)). Calculate the remainder when 111 is divided by (0/1 + z)*2.
7
Let j be (-2)/(-7) - 103/(-7). What is the remainder when j*(-1 - -2)*1 is divided by 52/7 + (-48)/(-84)?
7
Let h(y) = 8*y**3 + 2*y**2 - y. Let x be 4*1/2 + -1. Suppose 1478 - 1531 = -3*v + 5*a, -3*v + a = -25. What is the remainder when h(x) is divided by v?
3
Let z(o) = o**2 - 9*o + 12. Let a be z(9). Let p be a/8*(-8)/6. What is the remainder when 57 is divided by 154/7 + 1*p?
17
Let s = -1764 + 2447. Calculate the remainder when s is divided by 18.
17
Let p = 83 + -61. Calculate the remainder when 86 is divided by p.
20
Let a = -33 - -33. Let l be 0 + a - 0 - -17. Suppose l + 106 = 3*c. What is the remainder when c is divided by 11?
8
Suppose 5*d - 3*d = -z + 4, -2*d - 5*z = -20. Suppose d = -6*s + 170 + 34. What is the remainder when 135 is divided by s?
33
Let q = -139 - -153. Calculate the remainder when 61 is divided by q.
5
Let a be 12/30 - 13/(-5). Suppose 0 = -4*u + k + k + 44, 3*k - 4 = -u. Let s = a + u. What is the remainder when 37 is divided by s?
11
Let d = -67 + 69. Let g = 15 - 8. What is the remainder when g is divided by d?
1
Suppose -o = -d - 85, 0 = -4*o + 2*d + 17 + 323. What is the remainder when 43 is divided by 759/51 - (-1 - (-75)/o)?
13
Calculate the remainder when ((-18)/8)/(170/(-168) + 1) is divided by 48.
45
Let z(b) = 3*b**2 + b + 4. Let y be z(-4). Let k = y + 133. What is the remainder when k is divided by 46?
43
Calculate the remainder when (-8 - -2)*1 + (-605)/(-1) is divided by 8.
7
Let z = 292 - 267. Calculate the remainder when 69 is divided by z.
19
Suppose 0 = -4*i - 0*i - 156. Let w = i - -17. Calculate the remainder when (5/10)/((-1)/w) is divided by 6.
5
Let y = -45 - -48. Suppose -y*i + 344 - 89 = 0. Calculate the remainder when i is divided by 29.
27
Let h(v) = -v**3 - 5*v**2 + v - 13. Let k be h(-6). Let g = 25 - k. What is the remain